t is the ten millions digit of 12073269?
1
What is the tens digit of 3587468?
6
What is the units digit of 48055?
5
What is the thousands digit of 28030451?
0
What is the hundred thousands digit of 289606?
2
What is the millions digit of 37801488?
7
What is the hundred thousands digit of 704582?
7
What is the hundred thousands digit of 325953?
3
What is the ten thousands digit of 802232?
0
What is the ten thousands digit of 1650165?
5
What is the units digit of 225966?
6
What is the units digit of 282176?
6
What is the thousands digit of 882794?
2
What is the thousands digit of 340722?
0
What is the hundred thousands digit of 558259?
5
What is the tens digit of 1625177?
7
What is the units digit of 5939566?
6
What is the thousands digit of 27826586?
6
What is the thousands digit of 462767?
2
What is the hundred thousands digit of 7863414?
8
What is the tens digit of 3878047?
4
What is the tens digit of 63682?
8
What is the hundred thousands digit of 283459?
2
What is the hundred thousands digit of 6478532?
4
What is the units digit of 3383044?
4
What is the tens digit of 147139?
3
What is the ten thousands digit of 204250?
0
What is the thousands digit of 1279697?
9
What is the units digit of 1073474?
4
What is the hundreds digit of 5141336?
3
What is the tens digit of 484868?
6
What is the tens digit of 828507?
0
What is the hundreds digit of 3449576?
5
What is the millions digit of 3481185?
3
What is the units digit of 300396?
6
What is the ten millions digit of 10799966?
1
What is the tens digit of 43228265?
6
What is the ten thousands digit of 1826242?
2
What is the hundred thousands digit of 4181916?
1
What is the units digit of 19015408?
8
What is the thousands digit of 31809807?
9
What is the thousands digit of 7238135?
8
What is the units digit of 3235685?
5
What is the units digit of 119820?
0
What is the hundred thousands digit of 501176?
5
What is the hundreds digit of 151931?
9
What is the tens digit of 117640?
4
What is the millions digit of 1240795?
1
What is the tens digit of 530683?
8
What is the ten thousands digit of 25111003?
1
What is the ten thousands digit of 3893076?
9
What is the millions digit of 1092138?
1
What is the thousands digit of 288356?
8
What is the hundreds digit of 104191?
1
What is the thousands digit of 3278729?
8
What is the units digit of 23291983?
3
What is the tens digit of 1422294?
9
What is the tens digit of 213097?
9
What is the ten millions digit of 17254221?
1
What is the ten thousands digit of 1275159?
7
What is the thousands digit of 146009?
6
What is the thousands digit of 5807781?
7
What is the tens digit of 499646?
4
What is the ten thousands digit of 1260143?
6
What is the hundred thousands digit of 3628460?
6
What is the units digit of 2731904?
4
What is the tens digit of 4712466?
6
What is the ten thousands digit of 87182?
8
What is the ten thousands digit of 13369820?
6
What is the hundred thousands digit of 133651?
1
What is the hundred thousands digit of 408263?
4
What is the hundred thousands digit of 3328523?
3
What is the tens digit of 2040837?
3
What is the hundreds digit of 6467770?
7
What is the ten thousands digit of 14348168?
4
What is the thousands digit of 118402?
8
What is the ten thousands digit of 30501?
3
What is the thousands digit of 1460757?
0
What is the thousands digit of 15443558?
3
What is the ten millions digit of 12114317?
1
What is the hundred thousands digit of 221140?
2
What is the units digit of 63048?
8
What is the thousands digit of 81308?
1
What is the millions digit of 3649760?
3
What is the units digit of 235363?
3
What is the hundreds digit of 193490?
4
What is the tens digit of 18709778?
7
What is the ten thousands digit of 3920872?
2
What is the hundred thousands digit of 144542?
1
What is the hundreds digit of 1656468?
4
What is the ten thousands digit of 184697?
8
What is the hundreds digit of 24601?
6
What is the hundreds digit of 54518?
5
What is the tens digit of 3528304?
0
What is the hundreds digit of 555986?
9
What is the hundreds digit of 6038177?
1
What is the hundreds digit of 22279168?
1
What is the hundreds digit of 244218?
2
What is the hundreds digit of 7383?
3
What is the tens digit of 2303455?
5
What is the thousands digit of 1494293?
4
What is the ten thousands digit of 229742?
2
What is the thousands digit of 712250?
2
What is the ten millions digit of 10310923?
1
What is the hundred thousands digit of 3998525?
9
What is the thousands digit of 7774081?
4
What is the tens digit of 11708357?
5
What is the thousands digit of 262166?
2
What is the thousands digit of 638793?
8
What is the hundred thousands digit of 3585010?
5
What is the millions digit of 2399517?
2
What is the thousands digit of 42769?
2
What is the ten thousands digit of 14876809?
7
What is the thousands digit of 5579552?
9
What is the millions digit of 1339459?
1
What is the tens digit of 530938?
3
What is the thousands digit of 407152?
7
What is the thousands digit of 325298?
5
What is the tens digit of 129327?
2
What is the hundred thousands digit of 3871276?
8
What is the tens digit of 27623705?
0
What is the thousands digit of 530632?
0
What is the hundred thousands digit of 7924261?
9
What is the tens digit of 1922358?
5
What is the thousands digit of 992110?
2
What is the thousands digit of 1518218?
8
What is the tens digit of 11046262?
6
What is the millions digit of 3274702?
3
What is the thousands digit of 47797?
7
What is the millions digit of 2130122?
2
What is the tens digit of 252131?
3
What is the ten thousands digit of 96314?
9
What is the units digit of 24177999?
9
What is the hundred thousands digit of 317921?
3
What is the thousands digit of 204197?
4
What is the hundred thousands digit of 523033?
5
What is the thousands digit of 204785?
4
What is the units digit of 15323481?
1
What is the thousands digit of 96832?
6
What is the thousands digit of 1438285?
8
What is the hundred thousands digit of 10550763?
5
What is the hundreds digit of 6880674?
6
What is the hundred thousands digit of 1127033?
1
What is the hundreds digit of 3509267?
2
What is the ten thousands digit of 581644?
8
What is the hundreds digit of 243146?
1
What is the ten thousands digit of 494433?
9
What is the hundred thousands digit of 187040?
1
What is the ten thousands digit of 3107164?
0
What is the hundreds digit of 96873?
8
What is the thousands digit of 156848?
6
What is the thousands digit of 128208?
8
What is the hundreds digit of 185757?
7
What is the hundred thousands digit of 8557055?
5
What is the hundreds digit of 9597835?
8
What is the units digit of 13183616?
6
What is the ten thousands digit of 506756?
0
What is the hundred thousands digit of 5263818?
2
What is the ten thousands digit of 5393076?
9
What is the tens digit of 3196763?
6
What is the hundreds digit of 66310?
3
What is the ten thousands digit of 291517?
9
What is the units digit of 1984038?
8
What is the hundreds digit of 920454?
4
What is the units digit of 925264?
4
What is the units digit of 819602?
2
What is the ten thousands digit of 17455625?
5
What is the units digit of 162937?
7
What is the millions digit of 1394859?
1
What is the units digit of 11376728?
8
What is the thousands digit of 15463393?
3
What is the hundred thousands digit of 728751?
7
What is the hundred thousands digit of 798577?
7
What is the millions digit of 5074819?
5
What is the ten thousands digit of 733827?
3
What is the hundreds digit of 949427?
4
What is the tens digit of 22393449?
4
What is the thousands digit of 259621?
9
What is the ten thousands digit of 331753?
3
What is the units digit of 823979?
9
What is the units digit of 97736?
6
What is the thousands digit of 849898?
9
What is the units digit of 2008476?
6
What is the units digit of 2242498?
8
What is the millions digit of 1744159?
1
What is the tens digit of 2389028?
2
What is the thousands digit of 630529?
0
What is the ten thousands digit of 510689?
1
What is the units digit of 1967550?
0
What is the thousands digit of 474635?
4
What is the units digit of 30287?
7
What is the hundred thousands digit of 3189180?
1
What is the tens digit of 150475?
7
What is the hundreds digit of 1132917?
9
What is the millions digit of 1346148?
1
What is the hundreds digit 